*w - 2. Let a be n(-5). Suppose b + a + 29 = -4*f, 2*f + 2*b + 50 = 0. Let c be (-471)/f - 3/(-8). What is the highest common divisor of 70 and c?
10
Let r = -6 + -12. Let v = r + 12. Let h(g) = g**2 + 9*g + 19. Let c be h(v). Calculate the greatest common divisor of 4 and c.
1
Suppose 5 = 2*z + 13. Let a be (-2*(-3)/z)/((-18)/96). Suppose y + 186 - 29 = 4*t, -2*t - 2*y = -86. What is the highest common divisor of t and a?
8
Let a(x) = 277*x**2 + 5*x. Let w be a(-1). What is the greatest common factor of w and 1020?
68
Let w(q) = -98*q - 11. Let a be w(-5). Suppose -12*u = a - 1847. What is the greatest common divisor of u and 6?
6
Let p(c) = -c**3 + 2*c**2 - 4. Let n be p(2). Let v be (1 + -2 + 469)*n/(-6). Suppose 0 = 28*s - 25*s - v. Calculate the greatest common factor of 13 and s.
13
Suppose 3*g + b - 50627 = 0, 5*b + 61003 + 158446 = 13*g. What is the highest common factor of 522 and g?
174
Let y(a) = -a**3 - 36*a**2 + 3*a + 108. Let t be y(-36). Suppose 7*b - 173 - 23 = t. What is the greatest common divisor of 112 and b?
28
Let h(w) = -3*w + 21. Let b(d) = -2*d + 11. Let v(s) = -5*b(s) + 3*h(s). Let t be v(1). Calculate the highest common divisor of 63 and t.
9
Suppose 0 = -6*o + 748 + 974. Let g = o - 253. What is the highest common factor of 510 and g?
34
Let s(r) be the third derivative of -r**4/6 + 4*r**3 - 2*r**2. Let b be s(-10). Calculate the highest common factor of b and 96.
32
Suppose -5*x = 2*w + 3*w - 50, -5*w = -5*x - 50. Let l be -2*(-15)/w + 32. What is the highest common factor of 35 and l?
35
Let h = 339 - 341. Let w be (-265)/(-106) + 3/h. Suppose 0*a - 32 = -4*a. Calculate the highest common divisor of w and a.
1
Suppose -o + 787 = 523 - 857. Calculate the highest common divisor of 95 and o.
19
Let b be (-13)/((-78)/(-7170))*-3 - 8. What is the highest common factor of 98 and b?
49
Let k(x) = 2*x - 23. Let m be k(7). Let v(g) = -g**2 - 5*g + 26. Let z be v(m). Let d be 66/10 + (-4)/z. What is the highest common factor of d and 35?
7
Let w be (-200)/(-2*-9*7/(-441)). Calculate the highest common factor of 28 and w.
28
Let f be (-225)/150 - 99/(-2). Suppose -4*u - 14 = -z + 10, -2*u = 2*z - 28. Let o = 22 - z. Calculate the highest common factor of o and f.
6
Let y(f) = -f + 16. Let o be y(6). Suppose o*u - 14*u = -32. Suppose 0 = -u*x + 6*x + 160. What is the highest common factor of 32 and x?
16
Suppose -5*p + 169 - 59 = 0. Let m(w) = 4*w - 20. Let t be m(8). Let y be -44*(-2 + t/8). What is the greatest common factor of p and y?
22
Let n(w) = 1 - 5 + 10*w + 0 + 1. Let q be n(8). Suppose -5*x = -25, -3*x - 3 - 10 = -4*a. Calculate the greatest common factor of a and q.
7
Let p be 3 + 63 + (1 - -2). Let b = p + -41. Let i(y) = -y**2 + 8*y - 11. Let g be i(5). What is the greatest common divisor of b and g?
4
Let j(a) = 108 + 5*a**2 - 78*a - 4*a**2 + 38 + 48*a - 32. Let k be j(26). Calculate the highest common divisor of 90 and k.
10
Let m be ((-1)/(-2))/(2/(-32)). Let y = -8694 + 8720. Let g = y + m. What is the greatest common divisor of 126 and g?
18
Suppose 18*o - 23*o = -5*u - 820, 4*u = 5*o - 826. What is the highest common factor of o and 1054?
34
Suppose 6*b - 1716 = -576. Suppose 0 = 4*r + 2*q + 339 - 1435, 2*r - 556 = 3*q. Let k = r - b. Calculate the highest common factor of 34 and k.
17
Let v be (-366)/(-72)*15 - 5/20. Let y be ((-63)/18)/((-2)/v). Calculate the greatest common divisor of y and 21.
7
Let c(y) = -5*y + 5. Let w be c(-4). Let a = 16 - w. Let s = 16 + a. What is the highest common factor of s and 1?
1
Let q = 64 + 2. Suppose 0*p + 2*p + q = -f, 3*f = 0. Let a = 35 + p. Calculate the highest common factor of 8 and a.
2
Let q = -3465 + 3535. What is the highest common factor of 56 and q?
14
Suppose -262 = -12*w + 10*w + 3*s, 5*w = -5*s + 630. What is the greatest common factor of w and 112?
16
Let y be 1*5/((-5)/(-42)) + 3. Let u = y + -40. Suppose -5*m + u*r + 90 = 0, 3*m = 2*r + 30 + 24. Calculate the highest common factor of 18 and m.
18
Suppose -575*k = 53*k - 20946940. What is the greatest common divisor of 7 and k?
7
Let b be 1365 + -3 + (8 - 13). What is the highest common factor of b and 59?
59
Let m be -92*((-2)/4 - (2 + 3)). Suppose -4*z - 100 = -4*k, 5*k + 5*z = 40 + 55. What is the greatest common divisor of k and m?
22
Let n(p) = 174 + 381 + 9*p - p**2 + 2*p**2. Let s be n(0). What is the greatest common divisor of 15 and s?
15
Let k be 1899/(-1055)*((-2 - -4) + -7). What is the highest common factor of 1359 and k?
9
Let v be 2/9 + (728/126 - 4). Suppose 0 = -2*p - v*p - 4, 58 = 5*l + 2*p. Calculate the greatest common factor of l and 492.
12
Suppose -1 = -5*p + 4. Let v(i) = 21*i - 451. Suppose 4*j + m + m = 80, -m = -5*j + 114. Let y be v(j). What is the highest common divisor of y and p?
1
Suppose 23 = 5*a - 12. Let d be ((-4)/(-22) + 21420/(-561))*(-21)/6. Calculate the greatest common factor of a and d.
7
Suppose -4*g - 5*d + 62 = -0*g, 3*d = -g + 19. Let m be 5/25 + 19/5. Let y = g - m. Calculate the highest common factor of y and 1.
1
Suppose 205*c - 733590 - 1896912 = 1253018. What is the greatest common divisor of c and 16?
16
Let l be 8/10*(-60)/24 + (673 - -1). Calculate the highest common factor of 768 and l.
96
Suppose -239829 = -496*b + 1956459. Calculate the highest common divisor of b and 24.
12
Let q be ((-640)/(-120))/(8/6 + -1). Suppose -q*k + 1379 = -61. Calculate the greatest common divisor of 405 and k.
45
Let p = -8656 - -8749. Calculate the highest common divisor of p and 51.
3
Suppose -6 = -15*z + 9. Let n be -8*(-14)/(-112) - (-66 + z). What is the greatest common divisor of 72 and n?
8
Let n(i) be the third derivative of -i**6/120 - 23*i**5/60 - i**4 - 31*i**2. Let a be n(-22). Calculate the greatest common factor of a and 308.
44
Let c be -14*(-3)/3 - 0. Let b(j) = j**3 + 16*j**2 - 18*j - 10. Suppose -5*n - 135 = -50. Let t be b(n). Calculate the highest common divisor of t and c.
7
Let k = -3672 - -3997. Calculate the greatest common divisor of 850 and k.
25
Let d = 16769 - 8765. What is the highest common divisor of d and 69?
69
Let p = -13568 + 13711. Suppose -4*v + 57 = 5*z, -2*z = z + 2*v - 35. Calculate the highest common divisor of z and p.
13
Let v(z) = 12*z**2 + 55*z - 263. Let h be v(8). What is the greatest common divisor of 147 and h?
21
Let z = 207 - 171. Let g = -48 + 56. Suppose 0 = 10*h - 262 - g. Calculate the highest common divisor of z and h.
9
Suppose -12*m = 128*m + 436 - 1276. What is the greatest common divisor of 978 and m?
6
Suppose -4*q = -w + 570, 0 = 43*w - 48*w - 2*q + 2850. What is the highest common divisor of w and 456?
114
Let p be ((-96)/60)/((-2)/790)*(-42)/(-8). What is the greatest common factor of p and 42?
42
Let r = 67611 - 67566. Let j(k) = -k**3 - 2*k**2 + 2*k + 2. Let u be j(-3). What is the greatest common factor of r and u?
5
Let j be (0/(-1) - (-14)/42) + (-2176340)/(-444). Calculate the greatest common factor of j and 570.
114
Let g be 13/2*(-3 + (-20)/(-4)). Let v be 42000/200 + (-2)/1. What is the greatest common factor of v and g?
13
Let o = 4449 + -4397. Calculate the highest common factor of 1001 and o.
13
Let u be (-45)/(10 + (-147)/14). What is the highest common divisor of u and 510?
30
Suppose -58*v = -53*v - 12240. What is the greatest common divisor of v and 17?
17
Suppose -2*i + 5*r = -234, -2*i + i + 130 = 4*r. Suppose 5*n - i = 88. Let l be (-468)/(-14)*11/(99/n). Calculate the greatest common divisor of 12 and l.
12
Let f(i) = 58*i**2 - 5*i - 7. Let t be (2 - (-80)/(-38)) + (-1520)/(-722). Let r be f(t). What is the greatest common factor of 86 and r?
43
Suppose 0 = -k + 6*k - 4*f - 20, 16 = 4*k - 2*f. Let r be 375/k - 27/36. Let u = 237 - r. Calculate the highest common divisor of u and 16.
16
Suppose -4*p = 11 - 31. Suppose 4 = 2*r - 4*c, 0*c = p*r + 5*c - 85. Calculate the greatest common divisor of 108 and r.
12
Suppose 0 = 9*l + 1811 + 2545. Let q = 498 + l. Calculate the greatest common factor of 119 and q.
7
Suppose 1380 = 264*k - 252*k. Calculate the greatest common divisor of k and 2507.
23
Let r be ((-1397)/(-11))/(2/20). Calculate the highest common divisor of r and 30.
10
Suppose -2738 = -235*g + 233*g - 4*d, 0 = 4*g - 3*d - 5509. What is the greatest common factor of 22 and g?